29/(-9). Let r be ((-3)/o - -1) + 602. Suppose -4*n + 3*n - 4*q + 607 = 0, 0 = -n - 3*q + r. Is n a composite number?
False
Let x = 24730 - 8074. Suppose 11*i - 2*c = 14*i - 12469, 4*i = 5*c + x. Is i a prime number?
True
Let u = -331 + 799. Suppose 3*r + 5*g - u = 0, -2*r + 4*g - 6 + 340 = 0. Let i = 30 + r. Is i prime?
True
Let f be 0 + 0 + (0 - -13926). Let l = f + -6333. Is l composite?
True
Suppose -2*t - 21*x + 480532 = -18*x, t - 240269 = -2*x. Is t composite?
False
Let b(u) = -u**2 + 4*u. Let w be b(4). Let v be (w - 42)/1*-9. Let s = 877 - v. Is s a composite number?
False
Is (229317/(-66))/(1/(-34)) a prime number?
False
Let s = -472143 + 734180. Is s a prime number?
False
Suppose 40 = -2*k + u, 74 = -5*k - 5*u + u. Let y = -13 - k. Suppose -y*d + 2925 = 2*g, -4*g = -5*d - 5*g + 2930. Is d a composite number?
False
Let q(d) = d. Let f(b) = 9*b + 11. Let k(j) = f(j) - 6*q(j). Let u be k(-5). Is u + 2057/(0 - -1) a prime number?
True
Suppose -5*q = 6*u - 4*u - 37, -2*u + q = -7. Suppose 3*v = -5*o + 1 + u, -5*o + 4*v + 14 = 0. Suppose o = -k + 33. Is k composite?
False
Let f(p) = 82814*p - 185. Is f(2) composite?
False
Suppose 6*s = -13383 + 326757. Is s composite?
True
Let j = 800171 + -358120. Is j composite?
True
Let a = -1148278 - -2639693. Is a composite?
True
Suppose 1667*n = 1685*n - 678924. Is n a composite number?
True
Suppose -67*h + 12 = -70*h, 3*o + 5*h - 623749 = 0. Is o prime?
True
Is (73588/(-10))/(390/(-975)) composite?
False
Suppose -3*z - m + 409495 = 107351, 0 = -z + m + 100716. Is z composite?
True
Suppose 2*x - 4*t = 84362, 26*x = 23*x + 4*t + 126553. Is x a prime number?
False
Let d(v) = -v**2 + 5*v - 6. Let g be d(7). Suppose 20 = -5*o, 5*n = 2*o - 7690 + 773. Is (8/g)/((1/1)/n) prime?
False
Let w be (0/(-2) + 0)/(-1). Let i(x) be the third derivative of x**6/120 + x**5/60 - x**4/12 + 865*x**3/6 + 35*x**2. Is i(w) composite?
True
Suppose 82*q = 79*q + 48. Suppose -q*k + 1318 = -5098. Is k a prime number?
True
Let v(f) = -f**3 - 57*f**2 + 142*f + 157. Is v(-70) prime?
True
Let o(a) = 320*a**3 - 4*a + 3. Let h be (-1)/((-5)/(5 - -10)). Suppose w + 2*v + 3 = 0, 6*w = 2*w + h*v + 10. Is o(w) a composite number?
True
Let v(m) = 336*m**2 + 27*m + 1. Let b be v(3). Let j = b - 2075. Is j a prime number?
True
Suppose 0 = 3*m - 2*g + 59, m + g + 23 = 5. Is 3481 - m - (-2 + -1) a composite number?
True
Suppose 0*y = -5*y + 20305. Suppose -15*i - 8*i = -115. Suppose -5*f - 96 = i*h - y, 2*f - 3168 = -4*h. Is h a composite number?
True
Suppose 433914 + 344889 = 3*o - 4*b, 0 = -4*b + 24. Is o composite?
True
Let f(t) = -11*t - 193. Let v be f(-18). Suppose v*m - 127070 = -5*g, -m = -2*g - 28384 + 2985. Is m a prime number?
True
Let r(k) = 1586*k + 153. Let z(i) = 6348*i + 612. Let u(g) = -9*r(g) + 2*z(g). Is u(-4) prime?
False
Let r = -587990 - -2095779. Is r prime?
True
Let d(y) = -19552*y - 8387. Is d(-76) prime?
False
Let y = -818 + 1387. Let z = 1115 - y. Let f = -4 + z. Is f prime?
False
Let z be -2*(-2 + 84*1). Let l = 462 + z. Suppose -11*b = -76 - l. Is b a composite number?
True
Let d be (-28)/(-182) - (97311/39 - -2). Let k = 3584 + d. Is k a composite number?
False
Let l(i) = 28*i**3 - 9*i**2 + 7*i. Let q be l(1). Suppose 5*v = -q*v + 520645. Is v prime?
False
Suppose p = 3*p - 4. Let q(j) = 6*j**p + 14*j**2 - 6*j**2 + 17*j + 6*j**2 + 31 + j**3. Is q(-15) a composite number?
True
Let o(j) = j**3 + 18*j**2 - 2*j + 40. Let t be o(-21). Let s = 675 + t. Let g = s + 1437. Is g composite?
True
Suppose 188 - 18 = 34*c. Suppose -c*v - 2710 + 11019 = b, v = 2*b - 16662. Is b a prime number?
True
Let m be 244/(-112)*-4 - (-2)/7. Suppose 3*f - m*f = -11658. Is f a prime number?
False
Is 414502 + 3*(-8)/12 + (-15)/(-5) a composite number?
False
Suppose 12*i - i = 319. Let p = 1 + i. Suppose -31*s + p*s + 149 = 0. Is s a prime number?
True
Let j be (-2 - (-2)/(0 + 1)) + 22222. Suppose -12*f = j - 83170. Is f prime?
False
Let c(b) be the first derivative of 245*b**2 - 157*b - 80. Is c(23) a composite number?
False
Suppose 78*z + 2*g = 83*z - 463285, -277971 = -3*z - 2*g. Is z a composite number?
False
Let g = 115722 - 39883. Is g prime?
False
Suppose -2478 = 51*t - 58*t. Let x = 69 + -47. Suppose -19*s - t = -x*s. Is s composite?
True
Suppose 4*w - 2*w - 10 = 0, 4*w = -2*o + 28. Suppose -l + 9021 = -o*y, -6*l - 2*y + 45324 = -8854. Is l a composite number?
False
Let b = 258 - 255. Suppose 2*r - 388 = -b*o - 56, -5*o - 153 = -r. Is r a composite number?
False
Let h = 1991749 + -545504. Is h a prime number?
False
Suppose 0 = -a - j + 44484, 16*a - 17*a + 44479 = -4*j. Is a composite?
False
Suppose h - 4850217 = -9*h - 59*h. Is h composite?
True
Let d(s) = -1019*s + 6305. Is d(-42) a composite number?
False
Suppose 0 = -40*n + 19*n - 180495. Let a = -4852 - n. Is a prime?
False
Let k = 735328 + -236471. Is k composite?
False
Let u(d) = 14892*d**2 - 409*d + 1252. Is u(3) prime?
True
Let s = 8553 + -4462. Is s composite?
False
Let l = 1183 + 354. Is l a prime number?
False
Let d = -6596 + 11554. Let p = -2577 + d. Suppose w - 1311 = -m, 5*w + p = 2*m - 269. Is m composite?
True
Let g(y) = 26*y + 273. Let w be g(-10). Suppose w*m - 11436 = m. Is m prime?
True
Let u = -10 + 13. Suppose 0 = 30*r - 32*r + 12. Is (-631)/(r + -4 - u) prime?
True
Suppose 5*n + 4*b = 171006, 241969 = 5*n - 4*b + 70995. Is n composite?
True
Let m be -4 - ((-52264)/4 + 2). Is (m/(-50))/(4/(-130)) a prime number?
False
Let a be (-138)/(-4)*(5 + 6013/(-21)). Let k = 5553 - a. Is k a prime number?
True
Let s(u) = 82*u**2 + 29*u + 41. Is s(-16) a composite number?
True
Let m(s) = 7*s**2 - 24*s - 10. Let n be m(5). Is ((-16355)/n*-15)/((-1)/(-3)) a composite number?
True
Let o be (-2)/10 - (-52056)/(-120). Let l = 3141 + o. Is l composite?
False
Is (-7)/((-1470)/(-12)) + 54342194/70 composite?
False
Let d be (-2 - -26)*(-15)/(-12). Suppose -d*i = -27*i - 14127. Let t = i - 2080. Is t composite?
True
Let u = -46323 - -22931. Let t = 63125 + -96050. Let q = u - t. Is q a composite number?
False
Suppose -5*f = -m - 18, -f + m - 4*m = 6. Suppose 3 + 5 = 4*o. Suppose -o*v - 3*z = -9559, f*v + v = z + 19125. Is v a composite number?
True
Let q(w) = -w**2 - 6*w + 6. Let t be q(-6). Let k be t/21 - 19/(-7). Suppose i = o + 472, -k*o + o - 10 = 0. Is i a prime number?
True
Let v be 3/6*(-12)/(-9)*9. Is v/27 + (-3885025)/(-225) composite?
True
Suppose -52*b = -48*b + 28, 2*b = 4*y - 1423746. Is y composite?
False
Let k(x) be the third derivative of 0*x - 26*x**2 + 5/6*x**3 + 7/30*x**5 + 1/12*x**4 + 0. Is k(6) composite?
False
Let c(i) = 3514*i**3 - 3*i**2 - 10*i + 5. Is c(4) a prime number?
True
Let d(g) = 37*g**2 + 17*g + 85. Suppose -3*s - y = 25, 0*s - 2*y = -5*s - 49. Is d(s) composite?
True
Let l = 76 - 73. Suppose -l*r - 7600 = -2*v - 2*v, -3790 = -2*v + 4*r. Let a = v + -950. Is a prime?
True
Let u be (-4)/(-2) + (-297)/11. Let o = 1432 - u. Is o a prime number?
False
Suppose 4*l - 158268 = 2384. Is l composite?
False
Let x(y) = y**3 + 9*y**2 + 4*y + 4. Let j be x(-8). Let u be (-3)/36*-3*j. Is 718*(-3 + -1 + u/2) a prime number?
True
Let v be (28911/(-6) - 3)/(1/(-2)). Let m = v + -3258. Is m prime?
False
Let i(h) = -h**2 - 28*h + 35. Suppose 3*a - 1783 = d, 4*a + a + 2*d = 2968. Let v be (4/14 + a/(-21))/1. Is i(v) prime?
False
Let n be (714/12)/(1/2). Suppose 5*x - n = v, 0 = 2*x - x + 5*v - 3. Is x composite?
False
Let v = 24193 + 13616. Suppose 3*c + v = 12*c. Is c composite?
False
Let g = 144999 - 2638. Is g prime?
False
Suppose 0 = -4*v - 8, 37 = k + 14*v - 10*v. Suppose 5*b + 36 + 9 = 0. Is (330/k)/((-2)/b) composite?
True
Suppose 23*y + 94*y = 20590807 - 5907658. Is y prime?
True
Suppose -5*w = -10*w - d + 2409, -3*d = 2*w - 974. Suppose -9*l + 11*l - w = -g, 2*g = l + 962. Is g a prime number?
False
Let u(c) = -c**3 + 4*c**2 - 4*c + 9. Suppose -g - g = 14. Let d be u(g). Let q = 1465 - d. Is q prime?
False
Let z be 28/(-6) + 1/(-3). Let y(j) = -717*j + 10. Let m be y(z). Suppose -m = -4*s - 4*x + 5*x, 0 = -4*s - x + 3597. Is s prime?
False
Let s = 801 + -807. Suppose 1 - 5 = 2*u. Is (-480)/(-3) + s/u a prime number?
True
Suppose -4*c + 4*y = y - 1082111, 1352639 = 5*c - 4*y. Is c a composite number?
False
Suppose 44*o = 11407135 + 6318661. Is o prime?
